
What is the units digit of 119339706?
6
What is the ten millions digit of 571741340?
7
What is the ten thousands digit of 162598188?
9
What is the ten millions digit of 11566800?
1
What is the millions digit of 338816795?
8
What is the ten millions digit of 356325205?
5
What is the thousands digit of 1368157542?
7
What is the ten millions digit of 51361632?
5
What is the ten thousands digit of 10614744?
1
What is the hundred thousands digit of 28277783?
2
What is the tens digit of 750271249?
4
What is the thousands digit of 148993695?
3
What is the units digit of 15892508?
8
What is the units digit of 80930370?
0
What is the ten millions digit of 185560064?
8
What is the billions digit of 4575006136?
4
What is the millions digit of 233181534?
3
What is the hundred thousands digit of 250874827?
8
What is the hundreds digit of 50984219?
2
What is the tens digit of 17817926?
2
What is the millions digit of 3304915898?
4
What is the tens digit of 195565117?
1
What is the tens digit of 151781303?
0
What is the hundreds digit of 60603446?
4
What is the ten millions digit of 301787012?
0
What is the thousands digit of 1537242612?
2
What is the hundred thousands digit of 41547758?
5
What is the billions digit of 1263965304?
1
What is the hundreds digit of 12162802?
8
What is the tens digit of 1039810299?
9
What is the ten millions digit of 100121553?
0
What is the hundred thousands digit of 2648577766?
5
What is the hundreds digit of 116304700?
7
What is the ten millions digit of 16368680?
1
What is the hundred thousands digit of 486116888?
1
What is the hundred thousands digit of 188899110?
8
What is the units digit of 1473380708?
8
What is the millions digit of 59490816?
9
What is the hundred thousands digit of 330803192?
8
What is the millions digit of 243537142?
3
What is the ten thousands digit of 3814637156?
3
What is the hundred thousands digit of 6028360161?
3
What is the thousands digit of 80252918?
2
What is the hundred millions digit of 863882386?
8
What is the hundred thousands digit of 11860026?
8
What is the hundred thousands digit of 422282472?
2
What is the thousands digit of 708990402?
0
What is the ten millions digit of 4628946971?
2
What is the tens digit of 125827660?
6
What is the thousands digit of 1542013896?
3
What is the hundred millions digit of 345618041?
3
What is the hundred millions digit of 1047879605?
0
What is the billions digit of 1205407294?
1
What is the hundred thousands digit of 390379423?
3
What is the thousands digit of 851789687?
9
What is the hundred millions digit of 2295900359?
2
What is the units digit of 935721450?
0
What is the units digit of 1443257124?
4
What is the hundreds digit of 5077355209?
2
What is the tens digit of 65670109?
0
What is the millions digit of 23303864?
3
What is the millions digit of 855785023?
5
What is the thousands digit of 253178288?
8
What is the millions digit of 8058146428?
8
What is the millions digit of 36833645?
6
What is the tens digit of 451483809?
0
What is the millions digit of 240580240?
0
What is the hundreds digit of 80428091?
0
What is the hundreds digit of 528197509?
5
What is the hundred millions digit of 525160944?
5
What is the ten thousands digit of 413166424?
6
What is the millions digit of 505184350?
5
What is the hundreds digit of 392876791?
7
What is the ten thousands digit of 315739223?
3
What is the ten millions digit of 523438544?
2
What is the thousands digit of 39472626?
2
What is the millions digit of 454671466?
4
What is the ten millions digit of 6885260987?
8
What is the millions digit of 1680556609?
0
What is the hundreds digit of 772957232?
2
What is the tens digit of 5710823073?
7
What is the tens digit of 88375958?
5
What is the hundred thousands digit of 20859760?
8
What is the tens digit of 176060412?
1
What is the ten millions digit of 433031667?
3
What is the tens digit of 1141481344?
4
What is the ten thousands digit of 250766725?
6
What is the ten thousands digit of 50837633?
3
What is the millions digit of 40909653?
0
What is the ten thousands digit of 65671538?
7
What is the millions digit of 22171643?
2
What is the millions digit of 65605721?
5
What is the hundred millions digit of 442745416?
4
What is the ten thousands digit of 120844258?
4
What is the hundred thousands digit of 689984637?
9
What is the tens digit of 135948055?
5
What is the thousands digit of 154964731?
4
What is the units digit of 58240526?
6
What is the units digit of 1370061890?
0
What is the units digit of 24334163?
3
What is the hundreds digit of 1114684612?
6
What is the hundred thousands digit of 59278113?
2
What is the hundreds digit of 726297159?
1
What is the millions digit of 111855053?
1
What is the thousands digit of 102948814?
8
What is the units digit of 51054912?
2
What is the ten millions digit of 32297682?
3
What is the ten millions digit of 126699312?
2
What is the thousands digit of 5529133307?
3
What is the ten millions digit of 84582427?
8
What is the millions digit of 49694938?
9
What is the hundreds digit of 657618?
6
What is the hundred millions digit of 355495466?
3
What is the hundreds digit of 481153180?
1
What is the hundred thousands digit of 1706951118?
9
What is the tens digit of 527748401?
0
What is the thousands digit of 5985315802?
5
What is the ten millions digit of 614775822?
1
What is the thousands digit of 745268047?
8
What is the millions digit of 20253764?
0
What is the units digit of 64805201?
1
What is the hundred thousands digit of 846149233?
1
What is the tens digit of 3623814552?
5
What is the ten millions digit of 2697635065?
9
What is the ten thousands digit of 94827225?
2
What is the billions digit of 1698512750?
1
What is the hundreds digit of 80185018?
0
What is the thousands digit of 2416734804?
4
What is the tens digit of 54607011?
1
What is the tens digit of 44919708?
0
What is the thousands digit of 2569732530?
2
What is the tens digit of 499119591?
9
What is the hundreds digit of 76650270?
2
What is the thousands digit of 203558930?
8
What is the tens digit of 31150513?
1
What is the millions digit of 1089475683?
9
What is the billions digit of 5273759145?
5
What is the billions digit of 1265479087?
1
What is the hundred thousands digit of 195551349?
5
What is the millions digit of 81839231?
1
What is the tens digit of 60148963?
6
What is the units digit of 31545331?
1
What is the millions digit of 88760291?
8
What is the ten thousands digit of 73347862?
4
What is the units digit of 940175224?
4
What is the hundred thousands digit of 350780338?
7
What is the thousands digit of 3362385994?
5
What is the tens digit of 17124628?
2
What is the hundred thousands digit of 91564017?
5
What is the units digit of 1672651012?
2
What is the units digit of 331535768?
8
What is the tens digit of 2291911368?
6
What is the ten thousands digit of 6191880?
9
What is the hundreds digit of 79295153?
1
What is the billions digit of 5335681313?
5
What is the hundreds digit of 46724395?
3
What is the ten thousands digit of 58266807?
6
What is the ten millions digit of 315738645?
1
What is the billions digit of 2150672345?
2
What is the thousands digit of 3583055841?
5
What is the ten thousands digit of 216739072?
3
What is the hundreds digit of 3059317?
3
What is the units digit of 663430886?
6
What is the millions digit of 24356821?
4
What is the billions digit of 2925441385?
2
What is the hundreds digit of 156181683?
6
What is the hundreds digit of 254645196?
1
What is the hundred millions digit of 228477955?
2
What is the hundreds digit of 8685879?
8
What is the ten millions digit of 131040944?
3
What is the ten millions digit of 149911443?
4
What is the hundreds digit of 605931851?
8
What is the hundred thousands digit of 18327683?
3
What is the hundreds digit of 1193781376?
3
What is the ten millions digit of 132253330?
3
What is the tens digit of 3987285473?
7
What is the units digit of 1419646888?
8
What is the hundreds digit of 82099482?
4
What is the hundred thousands digit of 35470166?
4
What is the units digit of 56863511?
1
What is the hundreds digit of 30188117?
1
What is the millions digit of 100764013?
0
What is the ten thousands digit of 718457177?
5
What is the units digit of 78028671?
1
What is the hundred mi